 + 14*g + 19. Give p(14).
19
Let h(j) = -j + 12. What is h(5)?
7
Let o(k) = -12*k. Determine o(4).
-48
Let a(w) = -15*w - 4. Determine a(-5).
71
Let v(y) = -y**3 + 30*y**2 - 29*y + 19. Determine v(29).
19
Let h(y) = 97*y + 2819. Calculate h(-29).
6
Let b(c) = 8*c - 6. Give b(-3).
-30
Let c(p) = -p**3 - 7*p**2 - 11*p + 3. Give c(-3).
0
Let v(f) = -f**2 - 20*f - 70. Determine v(-16).
-6
Let h(m) = -3*m - 27. What is h(-16)?
21
Let f(b) = b**2 + 5*b - 37. What is f(-5)?
-37
Let m(b) = -2*b**2 + 13*b + 17. Give m(8).
-7
Let i(j) = -208*j + 1048. Give i(5).
8
Let q(w) = -w**3 - 6*w**2 - 4*w - 9. Calculate q(-6).
15
Let m(x) = -7*x - 23. Give m(-9).
40
Let m(f) = -7*f**2 + 9*f - 8. Give m(1).
-6
Let n(d) = -9*d**2 + 4*d - 2. Determine n(3).
-71
Let k(w) = -w**3 + 12*w**2 - 10*w - 9. Give k(11).
2
Let u(k) = -10*k**3 + 110*k**2 + 2. What is u(11)?
2
Let z(t) = t**2 - 2*t + 9. Give z(9).
72
Let t(w) = 3*w - 2. Calculate t(2).
4
Let z(r) = -r**3 + 9*r**2 - 10*r - 2. Give z(8).
-18
Let r(m) = m**3 - m**2 + m + 18. Give r(0).
18
Let v(w) = 3*w - 18. Determine v(9).
9
Let j(r) = r**2 + 9*r + 7. Calculate j(-8).
-1
Let v(y) = -y**3 + 7*y**2 - 2*y - 3. Calculate v(1).
1
Let b(a) = -a - 39. What is b(15)?
-54
Let a(k) = -45*k - 166. Determine a(-4).
14
Let n(d) = 21*d**2 - 16*d + 1. Determine n(3).
142
Let i(t) = -8*t + 47. Calculate i(13).
-57
Let d(p) = p**3 + 7*p**2 - 2*p + 2. What is d(-7)?
16
Let x(k) = k**2 + 6*k + 4. Determine x(-6).
4
Let t(j) = 11*j + 141. What is t(-11)?
20
Let i(a) = -a**3 + a**2 + a + 4. What is i(0)?
4
Let u(w) = w**3 + 3*w**2 - 6*w - 6. Determine u(-4).
2
Let v(u) = 2*u + 26. Determine v(-12).
2
Let h(v) = 24*v**2 - 2*v - 1. Give h(-1).
25
Let a(p) = -p**2 + 13*p - 40. Calculate a(13).
-40
Let x(q) = q**3 + 4*q**2 - q - 3. Calculate x(-2).
7
Let c(g) = g**2 - 3*g - 148. What is c(-11)?
6
Let t(j) = -j**3 - 6*j**2 + 2*j - 8. Determine t(0).
-8
Let c(x) = -2*x**2 - 25*x + 48. Determine c(-14).
6
Let s(d) = d**2 - 7*d - 12. Determine s(9).
6
Let l(h) = 2*h + 16. Determine l(-10).
-4
Let z(b) = 7*b + 60. Determine z(-9).
-3
Let x(u) = u**2 + 5*u + 7. Calculate x(-7).
21
Let d(n) = -2*n**3 - 17*n**2 + 9*n + 5. Give d(-9).
5
Let b(m) = -9*m + 105. What is b(9)?
24
Let y(i) = -2*i**3 + 23*i**2 - 11*i - 1. What is y(11)?
-1
Let k(s) = -22*s - 10. Determine k(-3).
56
Let f(d) = d + 3. Determine f(-5).
-2
Let n(r) = -r**2 - 3*r + 7. What is n(-7)?
-21
Let v(a) = 2*a**3 - 23*a**2 - 4*a - 96. What is v(12)?
0
Let x(v) = v - 9. Calculate x(12).
3
Let w(a) = 7*a**3 - 2*a + 3. What is w(1)?
8
Let q(l) = 64*l**3 + l**2 + 3*l + 2. Calculate q(-1).
-64
Let m(s) = -s**2 - 17*s - 57. Calculate m(-13).
-5
Let h(u) = -u + 29. Determine h(20).
9
Let o(k) = k**2 - 8*k + 9. Calculate o(7).
2
Let w(b) = -b**3 + 8*b**2 + 6*b + 4. Give w(8).
52
Let a(q) = 10*q - 79. What is a(8)?
1
Let h(b) = -5*b**2 + 3*b - 1. Give h(0).
-1
Let f(y) = 10*y - 12. Determine f(3).
18
Let i(g) = 2*g**2 - 4*g - 12. Calculate i(-7).
114
Let b(c) = -c**3 - 8*c**2 - 9*c + 7. Calculate b(-6).
-11
Let m(h) = -7*h**2 + 14*h - 33. Determine m(3).
-54
Let p(h) = 4*h + 40. Determine p(-9).
4
Let t(g) = -g**3 + g**2 + 2*g - 4. Give t(0).
-4
Let f(s) = -2*s**3 - s + 3. What is f(2)?
-15
Let p(c) = -c**3 - 4*c**2 - 2*c - 6. Determine p(-3).
-9
Let l(r) = r + 3. Determine l(-10).
-7
Let o(w) = w**3 - 36*w**2 + 5*w - 179. What is o(36)?
1
Let f(u) = -u**3 + 2*u**2 + 13*u - 3. Give f(5).
-13
Let c(b) = -b**3 + 7*b**2 - 7*b + 19. What is c(6)?
13
Let w(b) = -b**2 - 2*b + 4. Determine w(-6).
-20
Let w(f) = 29*f + 3. What is w(3)?
90
Let v(k) = -2*k**2 + 22*k + 12. Give v(11).
12
Let z(v) = 4*v. What is z(1)?
4
Let x(h) = h**3 - 7*h**2 + 2*h - 1. What is x(6)?
-25
Let r(q) = q**2 + 13*q - 82. Determine r(5).
8
Let m(b) = b**2 - 41. Give m(0).
-41
Let n(a) = a**2 + 15*a + 15. Give n(-14).
1
Let d(x) = -9*x - 2. Determine d(5).
-47
Let p(r) = -2*r**2 + 98*r - 6. Determine p(49).
-6
Let m(c) = -4*c**2 + 10*c - 18. What is m(4)?
-42
Let j(o) = -o**2 + 17*o + 15. Give j(19).
-23
Let g(m) = m**3 - 8*m**2 + 11*m - 5. Calculate g(5).
-25
Let r(c) = -c**2 + 2*c + 19. Calculate r(6).
-5
Let g(r) = -7*r + 39. Give g(7).
-10
Let o(y) = y**3 + 11*y**2 - 14*y - 32. Determine o(-12).
-8
Let h(f) = 3*f**3 + 2*f**2 + 2. Determine h(2).
34
Let s(q) = -9*q + 36. Determine s(2).
18
Let l(j) = j**3 - 7*j**2 + 7*j - 2. Give l(6).
4
Let h(c) = c**2 - 6*c + 4. What is h(6)?
4
Let q(x) = -x - 1. Determine q(-1).
0
Let j(x) = -5*x**3 + 3*x**2 + 5*x + 7. What is j(-2)?
49
Let t(h) = 5*h + 10. Give t(-10).
-40
Let p(c) = c**2 + 2*c + 16. What is p(0)?
16
Let c(t) = -t**2 - 7*t. Determine c(-6).
6
Let y(p) = -2*p + 38. Determine y(19).
0
Let g(h) = -h**3 - 12*h**2 - 2*h - 17. Determine g(-12).
7
Let x(a) = -8*a + 55. Give x(6).
7
Let z(f) = 6*f**2 + 8*f + 2. Give z(-1).
0
Let j(c) = -3*c - 1. Calculate j(-8).
23
Let p(w) = 7*w - 63. What is p(10)?
7
Let n(z) = 2*z**2 + 6*z - 3. Calculate n(-3).
-3
Let q(n) = -4*n - 23. Determine q(-10).
17
Let o(s) = -67*s - 461. Give o(-7).
8
Let k(y) = y**3 + 31*y**2 + 31*y + 20. What is k(-30)?
-10
Let g(z) = -2*z + 48. Determine g(24).
0
Let q(m) = -m**3 - 11*m**2 + 22*m + 6. What is q(-13)?
58
Let r(s) = -s**3 + 19*s**2 - 34*s + 22. Calculate r(17).
22
Let h(g) = -g**3 + 2*g**2 + g + 4. Calculate h(3).
-2
Let q(b) = -b**3 - 34*b**2 - 34*b - 21. Give q(-33).
12
Let n(i) = i**3 - 8*i**2 + 3*i - 7. Determine n(8).
17
Let n(m) = -2*m**2 + m - 1. What is n(-2)?
-11
Let b(h) = h**2 - 12*h - 12. Calculate b(11).
-23
Let l(c) = c**3 + 13*c**2 - c - 15. Give l(-13).
-2
Let s(o) = 13*o - 49. Give s(5).
16
Let l(h) = -2*h**2 - 4*h + 3. Determine l(-3).
-3
Let h(k) = -2*k**2 - 2*k + 2. Determine h(2).
-10
Let k(i) = i**2 - 15*i - 38. What is k(17)?
-4
Let t(x) = 33*x + 8. What is t(-2)?
-58
Let a(j) = -80*j + 4. Calculate a(1).
-76
Let x(f) = 2*f**2 - 37*f + 3. Give x(19).
22
Let v(o) = -o**2 + 21*o - 7. Give v(15).
83
Let z(s) = -s**2 + 21*s + 21. Give z(22).
-1
Let u(m) = -5*m**2 + 37*m + 14. Determine u(8).
-10
Let f(p) = p + 5. Calculate f(-12).
-7
Let x(d) = 3*d - 25. Calculate x(8).
-1
Let i(l) = l**3 - 24*l**2 + 2*l - 53. Determine i(24).
-5
Let y(r) = -r**3 + 8*r**2 - 11*r - 10. Give y(6).
-4
Let i(z) = 10*z - 7. Determine i(5).
43
Let k(d) = d**2 - 28*d + 172. Give k(7).
25
Let m(s) = -5*s + 19. Calculate m(6).
-11
Let c(q) = q**3 + 10*q**2 + 6*q - 8. Give c(-9).
19
Let w(p) = 3*p + 23. Calculate w(0).
23
Let s(c) = c - 3. What is s(-13)?
-16
Let g(r) = r**2 + 15*r + 26. What is g(-15)?
26
Let n(m) = -m**3 + 1. Give n(1).
0
Let v(k) = -11*k**2 - k - 2. Determine v(-1).
-12
Let l(x) = 9*x - 94. Give l(10).
-4
Let f(j) = -j**2 - 14*j - 16. Calculate f(-12).
8
Let d(o) = o**3 + 26*o**2 - 25*o - 2. What is d(-27)?
-56
Let z(f) = -f**3 - 4*f**2 + 6*f - 8. Calculate z(-6).
28
Let s(t) = 15*t - 5. Determine s(4).
55
Let c(n) = n**2 - 18*n + 42. What is c(14)?
-14
Let p(g) = -g**2 - 5*g - 7. Give p(5).
-57
Let m(r) = r**3 - 7*r**2 + 11*r - 5. Determine m(5).
0
Let q(g) = g**3 - 3*g**2 + 3*g - 1. What is q(4)?
27
Let l(o) = 2*o**3 + 3*o**2 + 3*o + 2. Give l(-1).
0
Let z(v) = v**3 - 8*v**2 - 27*v + 78. Determine z(10).
8
Let n(p) = -p**3 - 3*p**2 + 2*p + 9. Give n(-4).
17
Let o(v) = -2*v**3 - 23*v**2 + 11*v - 10. Calculate o(-12).
2
Let k(b) = b**2 - 19*b - 47. Determine k(15).
-107
Let s(u) = 2*u**2 + 16*u - 18. Calculate s(3).
48
Let g(q) = -16*q - 2. Determine g(1).
-18
Let m(q) = -q**3 - 13*q**2 - 18. Give m(-13).
-18
Let z(l) = 2*l**2 - 9*l + 7. Calculate z(4).
3
Let l(k) = k**2 + 7*k + 3. Calculate l(-8).
11
Let f(d) = d**2 - 4*d - 23. What is f(8)?
9
Let b(z) = 7*z - 30. What is b(4)?
-2
Let r(a) = a**3 + 6*a**2 - 5*a - 8. Calculate r(-5).
42
Let m(l) = l**3 + 5*l**2 - 22*l - 90. Calculate m(-6).
6
Let h(d) = 8*d + 15. What is h(1)?
23
Let j(u) = -6*u**2 + 3*u - 3. What is j(2)?
-21
Let h(i) = -7*i**2 - 9*i + 2. Give h(-6).
-196
Let s(q) = q**2 - 12*q - 131. Give s(19).
2
Let o(m) = m**3 + 4*m**2 - 12*m + 8. Give o(-6).
8
Let o(l) = l + 18. What is o(0)?
18
Let y(g) = 20*g**3 - 2*g**2 + 2*g + 3. What is y(-1)?
-21
Let o(k) = k**2 - 25*k + 147. Give o(11).
-7
Let p(m) = 11*m - 8. What is p(3)?
25
Let s(w) = w**3 + 4*w**2 - w + 2. Give s(-5).
-18
Let y(n) = -6*n**2 + 4*n + 6. What is y(